 s?
2
Suppose 0 = -2*b + 7 - 1. What are the prime factors of 2/b + (-219)/(-9)?
5
List the prime factors of 45 + ((-4)/10 - (-34)/10).
2, 3
Suppose 0 = b + 2*s - 82, 0 = -7*b + 4*b + 2*s + 262. List the prime factors of b.
2, 43
Suppose 0*g = g + 4, 0 = 5*r + 5*g - 225. List the prime factors of r.
7
Let u(j) = -j**2 - 2*j + 3. Let s be u(3). Let z = 18 + s. List the prime factors of z.
2, 3
Suppose -4*d + v + 452 = -2*v, -v - 554 = -5*d. List the prime factors of d.
2, 5, 11
Let q = -30 - -43. Suppose -2*g = -3 + q. Let a = 11 + g. List the prime factors of a.
2, 3
Suppose y = 6*y - 10. Let g(c) = 10*c**2 + 3*c + 1. What are the prime factors of g(y)?
47
Suppose -4 = 3*k - 7*k. Suppose 0 = 5*t + k - 16. Suppose 0 = t*n + 3 - 18. List the prime factors of n.
5
Let a(d) = d**3 - 3*d**2 - 3*d + 1. Let y be a(3). Let v(o) = o**2 + 5*o - 9. Let x be v(y). What are the prime factors of (x - 2) + (-2)/(-2)?
2, 7
Let n(s) = 3*s**2 - 4*s + 7. What are the prime factors of n(4)?
3, 13
Let z be -23*1*(-3)/(-3). Let j = z - -39. List the prime factors of j.
2
Suppose 2*d - 11 = r, -5*r + 5 - 21 = 3*d. Suppose -2 - d = -k. Suppose -4*a + 19 = -k. List the prime factors of a.
2, 3
Suppose -2*g - 16 + 6 = 0. What are the prime factors of 35/14*(-78)/g?
3, 13
Let b(p) = p + 12. Let a be b(-10). Suppose a*l + 3*l - 40 = -5*w, 5*l + 32 = 4*w. Let t = w - 6. What are the prime factors of t?
2
What are the prime factors of (-3)/(-2)*(-4)/6 - -75?
2, 37
Suppose 7 = 4*v - 3*v - 4*z, 0 = 4*z + 8. Let t = v + -2. What are the prime factors of 6*1/1 + t?
3
Suppose -3*o = -113 - 430. What are the prime factors of o?
181
Let n be 3 + (-2 - 0) - 5. Let r(w) = -2*w - 5. What are the prime factors of r(n)?
3
Let t = 5 - 5. Suppose -z + 2*z - 10 = t. List the prime factors of z.
2, 5
Suppose -f + 43 = 4*m, 3*f + 14 = 2*m - 25. Let w be (-3)/6*0/(-2). Let r = w + m. What are the prime factors of r?
2, 3
Suppose 2*n + 3*n - 65 = 0. List the prime factors of n.
13
Let s be (-1 + -3)*91/28. List the prime factors of 2139/39 + (-2)/s.
5, 11
Let b = -5 - -8. Suppose 4*r - 124 = -b*s, -r + 5*s + 31 = -0*s. Let y = -19 + r. What are the prime factors of y?
2, 3
Suppose -3*m + 0 - 9 = 0. Let w = m - -23. What are the prime factors of w?
2, 5
Let o(g) = 17*g**2 - 3*g + 1. What are the prime factors of o(2)?
3, 7
Let b(h) = 2*h**2 - 4*h + 1. Let v(n) = n**3 + 2*n**2 + 3*n + 3. Let q be v(-2). List the prime factors of b(q).
31
Let f = -4 - -5. List the prime factors of 21 + ((-1)/f - 2).
2, 3
Let i = -19 - -36. Suppose 0 = 3*a + 3*v - 39, 3*a + v - i - 16 = 0. What are the prime factors of a?
2, 5
Let m(x) = 5*x**2 + 10*x + 4. Let j(u) = -9*u**2 - 19*u - 8. Let r(w) = 4*j(w) + 7*m(w). List the prime factors of r(-4).
2
Let w(m) = 45*m + 39. What are the prime factors of w(7)?
2, 3, 59
Suppose -47 = -3*p - 5*o + 33, 5*p = -2*o + 146. List the prime factors of p.
2, 3, 5
Suppose 4*f = 9*f - 50. List the prime factors of f.
2, 5
Let q(o) = o**3 - 10*o**2 + 3*o + 8. Let w be q(10). Let r = -17 + w. Suppose 2*d - r = -5. List the prime factors of d.
2
Let f(j) = 2*j - 3. Let z(s) = -2*s**3 - 3*s**2 - s. Let y be z(-2). List the prime factors of f(y).
3
Suppose 0 = 8*c - 4*c - 44. Suppose p - 49 + c = 0. List the prime factors of p.
2, 19
Suppose 5*o - 2 - 3 = 0. Let g be (-1)/(-2)*(o - -3). Suppose 20 = 3*y + g. What are the prime factors of y?
2, 3
Suppose -4*w = -2*q, -q - 3*w - 21 = 2*w. Let l(i) = i**3 + 7*i**2 + 4*i - 7. Let a be l(q). Suppose a*v = 6*v - 5. List the prime factors of v.
5
Let i(a) = -4*a - 31. What are the prime factors of i(-13)?
3, 7
What are the prime factors of 8*(16 - 3 - (3 - 1))?
2, 11
Let w = -23 + 50. List the prime factors of w.
3
Suppose -3*n + 363 = -l + 5*l, -2*n - 3*l = -241. List the prime factors of n.
5
What are the prime factors of (3/(-9))/(6/(-486))?
3
Suppose 2*n + 0*w + 5*w - 36 = 0, -w = 2*n - 36. Suppose n = 4*p + 2. What are the prime factors of p?
2
Let w(k) be the second derivative of -2/3*k**3 - 5/12*k**4 + 0 + 1/20*k**5 - k**2 - k. What are the prime factors of w(6)?
2, 5
Let d be 1*-3 + (-2 - -8). Suppose 5*l - 122 = -a + 14, 5*l = d*a + 152. What are the prime factors of l?
2, 7
Let o be (-453)/(-5) + 2/5. Let p = -54 + o. List the prime factors of p.
37
Suppose 0*j - 2*s = -2*j - 2, -4*s = -8. Let l be ((-3 - 1) + -2)/j. List the prime factors of 9/2*(-4 - l).
3
Suppose 16 = i + 3*t, 4*i + t = -13 + 77. Let n = 22 - i. Let k = n + -3. What are the prime factors of k?
3
Suppose 3*b + 76 = b - 3*p, -2*b - 56 = -2*p. Let z = b - -45. List the prime factors of z.
13
Let r(o) = -o + 4. Let c(v) = -v**3 + 2*v**2 + v. Let a be c(2). Let h be r(a). Suppose -h*d = 3*q - 43, 4*d = 3*q - d - 8. What are the prime factors of q?
11
List the prime factors of 181/(-3)*-1 + 2/(-6).
2, 3, 5
Suppose 4*z + 34 + 2 = 0. Let q be 3*12*(-2)/z. List the prime factors of (-2)/(-8) - (-30)/q.
2
Suppose q + q = 0. Suppose 3*w - 6*w + 30 = q. What are the prime factors of w?
2, 5
Let p(k) = -1 - 6*k - k**2 + 4 - 4. Let c be p(-7). Let v = c - -13. List the prime factors of v.
5
Suppose -5*v + 280 = 3*h, 4*v + 172 = 3*h - h. What are the prime factors of h?
2, 3, 5
Let n(m) = 3*m - 1 + 5 - 7 + 3*m**3. List the prime factors of n(2).
3
Let s = 14 + -7. Suppose -3*n = -s*n + 4. What are the prime factors of 1 - -10 - -2*n?
13
Suppose 26 = -3*k + 4*k. Suppose -5*q = -k - 4. What are the prime factors of q?
2, 3
Let h be (-1)/(-2) + 18/4. Suppose -h*o - 3*g + 77 = -0*o, 65 = 4*o - g. List the prime factors of o.
2
Let t = 337 + -232. What are the prime factors of t?
3, 5, 7
List the prime factors of 5 - -144 - (-2)/2.
2, 3, 5
Let q = -42 + 100. List the prime factors of q.
2, 29
Suppose -4*w + 3*w - 9 = 0. Let l(f) be the second derivative of f**4/12 + 7*f**3/6 - 7*f**2/2 - 2*f. List the prime factors of l(w).
11
Let j = -207 + 311. List the prime factors of j.
2, 13
Let v(b) = -b - 3. Let l be v(-7). Suppose -33 + 13 = -l*u. What are the prime factors of u?
5
What are the prime factors of (-202)/(-3) - 14/42?
67
Let y = -127 - -149. List the prime factors of y.
2, 11
Suppose 4*c = g - 995, 242 = -2*c + 5*g - 251. Let q(w) = w + 8. Let f be q(0). What are the prime factors of 2/f - c/12?
3, 7
Let g be 2/6 + (-830)/(-30). Suppose -h - 2*d = -g, -h = -2*h - 5*d + 31. List the prime factors of h.
2, 13
Let m = -3 - -34. Let n = -15 - 3. Let h = n + m. What are the prime factors of h?
13
Let o(f) = -5*f - 11. Let u(s) = -3*s - 6. Let m(z) = -4*o(z) + 7*u(z). Let t be m(6). Let p = 6 - t. What are the prime factors of p?
2, 5
Suppose 0 = 2*i - 17 - 3. Let x = i + -7. List the prime factors of x.
3
Suppose 3*s = -15, -3*s - 10 = -2*k - 3*k. Let u = 3 - k. List the prime factors of u.
2
Suppose 5*i + 1 - 6 = 0. Suppose -4*n = -o - 3, -3*n = -o - n + i. What are the prime factors of o?
5
Suppose -26 = u - 5*a, -3*a = -5*u + 4 - 24. Let l be u*(1*-3 - -1). List the prime factors of (3 - l)/((-1)/(-5)).
5
Suppose 0 = 2*w - 3*w + 3. List the prime factors of (1 - w)/(8/(-164)).
41
Let h = 348 - 246. List the prime factors of h.
2, 3, 17
Let z(w) = -2*w + 1. Let h = 9 + -7. Let f be z(h). What are the prime factors of (3/4)/f*-12?
3
Let p(f) = f**2 + 9*f + 4. Let d be p(-8). Let n = d + 10. What are the prime factors of n?
2, 3
Let w be ((-10)/8)/((-2)/(-32)). Let p be (-4)/w - 96/5. Let a = -5 - p. What are the prime factors of a?
2, 7
Let p(r) = -3*r**3 + r**2 + r - 1. Let a be p(1). What are the prime factors of ((-4)/6)/(a/9)?
3
Let q(i) = -i + 38. List the prime factors of q(7).
31
Let y = 5 - -2. Suppose y*m - 11*m = -160. List the prime factors of m.
2, 5
Let i(f) = -f - 2. Let c be i(-5). List the prime factors of (-184)/(-12)*(6 - c).
2, 23
Suppose 67 = 2*k - 0*k - 3*n, 5*n = -2*k + 27. Let q = k + -7. List the prime factors of q.
19
Let v be (-4)/(-2) - 4 - -24. Let c(o) = -3*o - 9. Let q be c(-3). Suppose -r - r + v = q. What are the prime factors of r?
11
Let v = -24 - -17. Let k = 6 - v. List the prime factors of k.
13
Let s(g) be the first derivative of 0 + 0 - 3*g**2 - g - 2. List the prime factors of s(-1).
5
Suppose 4*g = -5*x - 15 - 1, 2*x - 16 = 4*g. Let r(h) = -1 + 4*h**2 + x + 3*h**2. List the prime factors of r(1).
2, 3
Let l(m) be the third derivative